11) to base 16.
a1
2 (base 4) to base 3
2
What is -1 (base 14) in base 11?
-1
What is -120 (base 6) in base 3?
-1210
-1 (base 2) to base 4
-1
Convert 104 (base 13) to base 12.
125
-1110 (base 2) to base 8
-16
What is 111 (base 3) in base 5?
23
Convert -4f (base 16) to base 7.
-142
What is 6 (base 11) in base 7?
6
-112 (base 9) to base 8
-134
Convert 2 (base 13) to base 2.
10
Convert 4 (base 8) to base 15.
4
What is 1 (base 12) in base 3?
1
What is 354 (base 9) in base 10?
292
Convert 34 (base 9) to base 6.
51
What is -12 (base 7) in base 5?
-14
Convert -195 (base 14) to base 10.
-327
What is -50 (base 16) in base 14?
-5a
Convert 1010011 (base 2) to base 11.
76
1 (base 7) to base 16
1
-11 (base 4) to base 7
-5
-4 (base 15) to base 2
-100
Convert 1 (base 12) to base 5.
1
Convert -1111000 (base 2) to base 13.
-93
What is 2 (base 15) in base 8?
2
3 (base 5) to base 9
3
7 (base 13) to base 9
7
0 (base 4) to base 5
0
What is ad (base 14) in base 9?
180
What is 76 (base 9) in base 10?
69
What is -20 (base 5) in base 15?
-a
What is 77 (base 12) in base 8?
133
Convert 7 (base 15) to base 12.
7
9 (base 11) to base 16
9
3 (base 10) to base 14
3
-11 (base 2) to base 3
-10
105 (base 6) to base 15
2b
What is -28 (base 14) in base 4?
-210
0 (base 6) to base 13
0
Convert -12 (base 11) to base 9.
-14
-2 (base 12) to base 6
-2
What is -215 (base 11) in base 16?
-102
Convert 5 (base 14) to base 3.
12
34 (base 8) to base 10
28
What is -1b (base 12) in base 13?
-1a
-130 (base 6) to base 9
-60
136 (base 13) to base 10
214
What is -132 (base 5) in base 16?
-2a
Convert -5 (base 13) to base 11.
-5
1 (base 9) to base 13
1
Convert 3 (base 15) to base 11.
3
4 (base 11) to base 8
4
Convert 0 (base 9) to base 12.
0
9f (base 16) to base 12
113
4 (base 13) to base 7
4
Convert -4 (base 7) to base 9.
-4
Convert -1 (base 13) to base 11.
-1
0 (base 11) to base 12
0
2 (base 3) to base 8
2
What is 0 (base 3) in base 6?
0
Convert -16 (base 8) to base 7.
-20
What is 5 (base 8) in base 3?
12
What is -1 (base 7) in base 12?
-1
What is -1 (base 16) in base 10?
-1
What is 11 (base 3) in base 15?
4
Convert 0 (base 14) to base 15.
0
Convert 11 (base 8) to base 9.
10
What is -2 (base 10) in base 9?
-2
Convert 41 (base 5) to base 3.
210
What is 10000 (base 2) in base 14?
12
Convert -1 (base 10) to base 12.
-1
What is 16 (base 12) in base 11?
17
-215 (base 6) to base 15
-58
Convert 332 (base 6) to base 15.
88
Convert 3 (base 7) to base 13.
3
Convert 1a (base 15) to base 8.
31
Convert 1202 (base 3) to base 15.
32
-3 (base 12) to base 10
-3
Convert 18 (base 14) to base 8.
26
What is 5 (base 9) in base 12?
5
-2 (base 4) to base 11
-2
Convert 19 (base 16) to base 2.
11001
4 (base 7) to base 11
4
What is 34 (base 10) in base 3?
1021
What is 113 (base 5) in base 3?
1020
What is 7 (base 15) in base 6?
11
77 (base 13) to base 10
98
0 (base 16) to base 12
0
-43 (base 13) to base 12
-47
What is 1 (base 5) in base 13?
1
What is -67 (base 8) in base 14?
-3d
What is -5 (base 14) in base 11?
-5
6 (base 16) to base 10
6
b (base 16) to base 3
102
561 (base 7) to base 12
200
What is 7 (base 14) in base 6?
11
1101 (base 2) to base 11
12
What is -b (base 16) in base 2?
-1011
What is 0 (base 13) in base 3?
0
What is 1221 (base 4) in base 2?
1101001
Convert 20 (base 5) to base 11.
a
314 (base 6) to base 9
141
-200 (base 4) to base 5
-112
101112 (base 3) to base 2
100011100
5 (base 8) to base 6
5
What is -3 (base 10) in base 12?
-3
What is 3 (base 10) in base 13?
3
What is -144 (base 7) in base 15?
-56
-a8 (base 16) to base 15
-b3
What is -50 (base 9) in base 16?
-2d
Convert -100 (base 2) to base 5.
-4
Convert -22 (base 7) to base 4.
-100
Convert -2 (base 6) to base 12.
-2
-24 (base 12) to base 7
-40
What is -52 (base 16) in base 7?
-145
What is -1 (base 6) in base 5?
-1
0 (base 7) to base 11
0
Convert -8 (base 14) to base 16.
-8
Convert 58 (base 15) to base 5.
313
What is 1 (base 3) in base 9?
1
What is 37 (base 10) in base 8?
45
Convert 54 (base 14) to base 6.
202
Convert 41 (base 10) to base 7.
56
-10 (base 3) to base 7
-3
Convert 3 (base 16) to base 8.
3
Convert 1 (base 13) to base 14.
1
What is -11 (base 15) in base 16?
-10
-54 (base 9) to base 3
-1211
-210 (base 5) to base 11
-50
What is -e (base 15) in base 7?
-20
-12 (base 7) to base 11
-9
0 (base 3) to base 5
0
-422 (base 6) to base 13
-c2
Convert b1 (base 15) to base 8.
246
Convert 2 (base 6) to base 8.
2
Convert 39 (base 10) to base 11.
36
Convert -88 (base 14) to base 9.
-143
5 (base 12) to base 16
5
-3 (base 11) to base 5
-3
10100 (base 2) to base 16
14
Convert -10 (base 3) to base 13.
-3
What is -5 (base 15) in base 8?
-5
Convert 616 (base 7) to base 13.
1a8
What is 3 (base 10) in base 8?
3
Convert 135 (base 12) to base 8.
271
Convert 8 (base 15) to base 3.
22
Convert -17 (base 16) to base 13.
-1a
Convert 0 (base 6) to base 14.
0
Convert 12 (base 6) to base 13.
8
What is 7 (base 16) in base 6?
11
What is -19 (base 15) in base 10?
-24
Convert -4 (base 16) to base 9.
-4
-e (base 15) to base 9
-15
What is -1a (base 13) in base 8?
-27
Convert -4 (base 9) to base 5.
-4
What is -1444 (base 5) in base 16?
-f9
What is 76 (base 11) in base 4?
1103
What is -1 (base 4) in base 9?
-1
What is 20122 (base 3) in base 5?
1204
What is -3 (base 4) in base 15?
-3
Convert 292 (base 10) to base 2.
100100100
Convert -10 (base 10) to base 3.
-101
-4 (base 8) to base 9
-4
20101 (base 3) to base 9
211
10100101 (base 2) to base 15
b0
Convert 8 (base 14) to base 15.
8
-221 (base 3) to base 4
-121
1c (base 13) to base 12
21
Convert -2 (base 14) to base 12.
-2
What is -18 (base 13) in base 6?
-33
54 (base 6) to base 5
114
Convert -2 (base 14) to base 7.
-2
What is -1 (base 5) in base 14?
-1
-200 (base 11) to base 14
-134
What is -12 (base 7) in base 13?
-9
What is -2 (base 14) in base 10?
-2
What is 1 (base 4) in base 16?
1
Convert 75 (base 8) to base 3.
2021
What is 100010100 (base 2) in base 15?
136
What is -60 (base 7) in base 11?
-39
Convert -48 (base 13) to base 4.
-330
7 (base 14) to base 4
13
What is 12a (base 14) in base 10?
234
6 (base 12) to base 2
110
11 (base 11) to base 9
13
Convert 61 (base 9) to base 3.
2001
-545 (base 8) to base 7
-1020
Convert 19 (base 13) to base 12.
1a
What is 1 (base 9) in base 12?
1
Convert -45 (base 7) to base 12.
-29
What is 43 (base 7) in base 15?
21
-12111 (base 3) to base 15
-9d
Convert 1232 (base 4) to base 3.
11002
Convert 2 (base 6) to base 5.
2
What is -2a (base 16) in base 4?
-222
Convert -1021 (base 3) to base 8.
-42
2 (base 7) to base 6
2
What is -db (base 16) in base 6?
-1003
What is 19 (base 13) in base 6?
34
What is -12 (base 6) in base 2?
-1000
Convert -16 (base 8) to base 16.
-e
Convert -2 (base 16) to base 2.
-10
What is 21121 (base 3) in base 15?
da
What is -6 (base 9) in base 12?
-6
What is 30 (base 5) in base 6?
23
Convert 24 (base 16) to base 11.
33
4 (base 5) to base 8
4
-121 (base 5) to base 2
-100100
b7 (base 13) to base 8
226
What is -43 (base 5) in base 2?
-10111
What is -12 (base 5) in base 11?
-7
-4 (base 16) to base 6
-4
21 (base 4) to base 8
11
What is -10012 (base 3) in base 12?
-72
103 (base 15) to base 13
147
What is 9 (base 14) in base 8?
11
What is -1011100 (base 2) in base 15?
-62
What is -132 (base 10) in base 11?
-110
Convert 4 (base 7) to base 12.
4
1 (base 11) to base 8
1
3 (base 14) to base 15
3
Convert 110 (base 10) to base 3.
11002
Convert -55 (base 8) to base 9.
-50
1 (base 3) to base 8
1
Convert -85 (base 10) to base 14.
-61
Convert -10 (base 16) to base 5.
-31
-120 (base 4) to base 6
-40
60 (base 9) to base 6
130
-34 (base 12) to base 14
-2c
Convert c (base 15) to base 14.
c
-3 (base 10) to base 2
-11
Convert 25 (base 7) to base 13.
16
103 (base 4) to base 15
14
What is -25 (base 6) in base 7?
-23
3 (base 13) to base 2
11
-560 (base 7) to base 14
-167
Convert 10 (base 4) to base 9.
4
-5 (base 15) to base 9
-5
What is -84 (base 9) in base 15?
-51
-5 (base 7) to base 3
-12
15 (base 7) to base 14
c
-5 (base 9) to base 2
-101
-11 (base 9) to base 7
-13
What is 0 (base 10) in base 12?
0
What is 1110 (base 2) in base 9?
15
What is 2 (base 7) in base 14?
2
2 (base 11) to base 13
2
-132 (base 9) to base 4
-1232
What is 123 (base 5) in base 6?
102
Convert 7 (base 11) to base 13.
7
What is aa (base 